r**2 + r - 7. What is the remainder when 141 is divided by f(7)?
43
Let a be (-3 - (1 + -3))*0. Suppose -3*l + 59 = 2*h, -2*l + 5*h = -a*l - 14. Calculate the remainder when 30 is divided by l.
13
Suppose -2*n + 75 = -29. Calculate the remainder when n is divided by ((-144)/40)/(2/(-10)).
16
Let f(q) = -q**2 + 14*q - 11. What is the remainder when 65 is divided by f(11)?
21
Suppose t + 4*r + 13 = 59, 199 = 4*t + r. Calculate the remainder when t is divided by (2/(-4))/((-2)/68).
16
Let o = 3 - -2. Suppose -4*i + 12 = 0, 7 = -2*g - o*i + 42. Calculate the remainder when (-2 - -3) + 29 + -1 + 0 is divided by g.
9
Let o be 6*2/4 - 1. Suppose -q - q - o*m + 28 = 0, 3*q - 38 = m. Suppose r + 108 = 3*i - 2*r, -70 = -2*i + 4*r. What is the remainder when i is divided by q?
11
Suppose 4 = 4*d - 0*s - 4*s, 4*s = 3*d. Let o(h) = -h**3 + 3*h - 3. Calculate the remainder when o(-3) is divided by d.
3
Suppose 21 = 3*v + 4*b, 12 = -v - 0*b + 5*b. What is the remainder when 10 is divided by v?
1
Suppose r + 4*r + 5*t = 35, t = r - 7. What is the remainder when 48 is divided by r?
6
Let x = -6 + 13. What is the remainder when 19 is divided by x?
5
Suppose -r = 0, -4*o + o + 3*r + 6 = 0. Suppose 0 = -5*p + o*p + 117. Calculate the remainder when p is divided by 20.
19
Let l = -11 - -7. Let r = 19 - l. Calculate the remainder when 44 is divided by r.
21
Suppose 0 = -m + q - 46, 5*m = 6*m + q + 52. Let y = -7 - m. Calculate the remainder when y is divided by 11.
9
Let h(c) = 4*c**2 - 6*c - 7. What is the remainder when h(-3) is divided by 12?
11
Let m(o) = o**2 + 3*o + 2. Let v = -14 + 10. Calculate the remainder when m(-7) is divided by v/(-22) - 174/(-11).
14
Let t(n) = -n**3 - 2*n**2 - n - 3. Let a(v) = -5*v**2 - 3*v - 1. Let u be a(-1). What is the remainder when 24 is divided by t(u)?
6
Calculate the remainder when 23 is divided by 28/5 + 2/5.
5
Let h(c) = -2*c - 16. Calculate the remainder when h(-13) is divided by 6.
4
Let f(l) be the second derivative of -5*l**3 - l**2/2 - l. What is the remainder when f(-1) is divided by 63/(-18)*60/(-14)?
14
Let l be 57/15 + 3/15. Suppose 43 = 3*s - c, -s + 4*c - 8 = -l. What is the remainder when s is divided by 10?
6
Calculate the remainder when 74 is divided by (2 - 0)/(4/38).
17
Let b(s) = 10*s**2. Let n be b(-1). Suppose 9 = 2*y - 4*t - t, -2*y + 4*t = -n. Calculate the remainder when 26 is divided by y.
5
Let s(m) = 2*m**3 + m**2 - m. Let i be s(1). Suppose 2*j - 84 = -2*j - i*o, -o = j - 23. What is the remainder when 53 is divided by j?
15
Suppose 0*k = -5*x - k + 68, 4*x + 5*k - 67 = 0. Suppose 0 = m - 24 - 13. Calculate the remainder when m is divided by x.
11
Suppose -4*x + 16 = 4*v, -5*v + x + 5 + 21 = 0. Suppose -181 = -v*o + 129. Calculate the remainder when o is divided by 17.
11
Suppose -2*x - x = -6. Calculate the remainder when (-6)/x*166/(-6) is divided by 21.
20
Let m(q) = -2*q**3 + 0*q**3 + 3*q**3. Suppose 10*a - 5*a - 10 = 0. What is the remainder when 23 is divided by m(a)?
7
Suppose -3*s + q = -45, -2*s + 5*q = -0*s - 30. What is the remainder when 2/1*(-57)/(-2) is divided by s?
12
Calculate the remainder when 102 is divided by 7/(-2) + 3 - (-424)/16.
24
Let z = -24 + 42. Let t = 2 + z. Calculate the remainder when t is divided by 2/(-4) - (-15)/2.
6
Calculate the remainder when 0 + 4 + 20 + 1 is divided by 7.
4
Suppose -2*q - 66 = 2*n - 4*q, -q + 67 = -2*n. Let w = n + 47. Let s = 86 - 48. Calculate the remainder when s is divided by w.
12
Let j = -50 - -22. Let f = j - -42. What is the remainder when f is divided by 8?
6
Let l(o) = -12*o - 7. What is the remainder when l(-4) is divided by 7?
6
Let l be -2 + (-5)/(15/(-21)). Suppose -q = 4*y - 25, l*q - 5*y - 92 = -17. Calculate the remainder when q is divided by 10.
7
Let r = 2 - -1. Let m = 14 + r. What is the remainder when 49 is divided by m?
15
Suppose 5*x - 28 = 22. What is the remainder when 27 is divided by x?
7
Let f(l) = 8*l - 32. What is the remainder when f(8) is divided by 7?
4
Let w(k) = -51*k**3 - k**2 + 1. Calculate the remainder when w(-1) is divided by 16.
3
Let j = -11 - -26. What is the remainder when 58 is divided by j?
13
Suppose -4*h + 22 = 2. What is the remainder when 7 is divided by h?
2
Calculate the remainder when (-1)/(8/(-10))*16 is divided by 47/7 - 2/(-7).
6
Calculate the remainder when 15 is divided by -3*(-10)/(-6)*6/(-5).
3
Let f be 0/4 + (-1)/1. Let p be f*3/3*-35. Suppose z = x, 4*z + x + 2*x = p. What is the remainder when z is divided by 2?
1
Let q be ((-22)/5)/((-2)/5). Suppose -q*m = -9*m - 8. What is the remainder when 11 is divided by m?
3
Let o(d) = -d - 14. Let j(n) = -2*n - 28. Let w(u) = 2*j(u) - 5*o(u). What is the remainder when 9 is divided by w(-10)?
1
Suppose 2*y - 23 + 5 = 2*t, -3*y = -2*t - 24. Let n = 3 + 0. Calculate the remainder when y is divided by n.
0
Let n = -12 - -45. What is the remainder when n is divided by 9?
6
Let i(w) = 1 + 2 - 2 + 8*w**2. Calculate the remainder when i(-2) is divided by 17.
16
Let r = 19 + 10. What is the remainder when r is divided by 15?
14
Let k be (-388)/(-36) + 4/18. Let x = -5 + k. Suppose -x = y - 28. What is the remainder when y is divided by 8?
6
Let i = 171 - 156. Calculate the remainder when 29 is divided by i.
14
Let c be ((-2)/6)/((-11)/(-33)). Let t(o) = -12*o**3 - 2*o**2 - o. Calculate the remainder when 32 is divided by t(c).
10
Suppose 2*a - 18 = 5*b + 5, 5*b - 34 = -a. Let c(i) = i**2 + 7*i + 1. Let j be c(-6). Let m = j - -15. What is the remainder when a is divided by m?
9
Let u = 21 - -6. Suppose 3*o - u = -0*o. Calculate the remainder when 15 is divided by o.
6
Suppose k + k - 20 = 0. Suppose -6*w = -w - k. What is the remainder when 5 is divided by w?
1
Let k = 12 + -4. What is the remainder when (k/24)/(1/63) is divided by 8?
5
Let d(o) = 3*o + 3. Suppose 4 = m + 1. What is the remainder when d(m) is divided by 7?
5
Let c = 117 + -57. Let y = c + -20. What is the remainder when y is divided by 14?
12
Let f = 31 - -16. Let d = f + -22. What is the remainder when d is divided by 14?
11
Suppose 0 = 5*f + 3*p - 17 - 27, 2*p = 6. What is the remainder when (-3 - -4)/((-1)/(-25)) is divided by f?
4
Let g(u) = -u**2 - 3. Let w(n) = n**2 + 4. Let j(d) = -6*g(d) - 5*w(d). What is the remainder when 18 is divided by j(-3)?
4
Let p(w) = 2*w - 5. Let x be p(4). Let h be (-160)/(-6) + (-2)/x. Suppose 3*d - d = h. Calculate the remainder when d is divided by 5.
3
Let b = 16 + -13. Suppose -4*j - b*d - 1 = -14, 0 = -3*j + 2*d + 31. Calculate the remainder when 26 is divided by j.
5
Suppose 0 = c - 5*c - 4, 0 = r - 4*c - 26. Let h = 76 + -40. Calculate the remainder when r is divided by (-1)/((-3)/h + 0).
10
Suppose -28 = p - 6. Let y = p + 33. What is the remainder when y is divided by 3?
2
Let f(z) = -z**2 - 13*z - 9. What is the remainder when f(-6) is divided by 18?
15
Let g = 27 + -17. Let p be 148/(-6) - (-4)/6. Let c = p - -43. Calculate the remainder when c is divided by g.
9
Let g(a) = -a**3 - 2*a**2 - 7*a + 2. Let r(o) = 2*o**3 + 4*o**2 + 15*o - 5. Let h(k) = 7*g(k) + 3*r(k). What is the remainder when h(-3) is divided by 7?
6
Suppose c + 0*c = 7. Calculate the remainder when (0 + 4)*25/4 is divided by c.
4
Let k(p) = -p**3 + 15*p**2 - 12*p - 15. What is the remainder when 89 is divided by k(14)?
11
Suppose -2*t = -7 - 25. Let f(o) = -25*o - 2. Let x be f(-2). Let u = x - 2. Calculate the remainder when u is divided by t.
14
Let m(n) = -2 - 15*n + 0 - n**2 + 9. Calculate the remainder when m(-12) is divided by 15.
13
Suppose -5*j + 10 = 0, -14 = -2*p + 4*j - 6. Suppose 0 = 2*q + 3*q, 2*i = 5*q + 6. What is the remainder when p is divided by i?
2
Let h(p) = 5*p - 6. Let v = 149 - 94. Calculate the remainder when v is divided by h(4).
13
Suppose 2*d = 18 + 2. Let s be d/2*3/3. Suppose -2*p + 15 = 2*p + s*a, p - 4 = -a. What is the remainder when 13 is divided by p?
3
Suppose 212 = 3*s - 25. Calculate the remainder when s is divided by 29.
21
Let k = 235 + -139. Let h = k + -54. Suppose 0 = o - 2*y - 18, -3*o + 4*y + h = y. What is the remainder when 29 is divided by o?
9
Let t be ((-16)/(-12))/((-2)/(-6)). Suppose t*a = 2*a + 44. Calculate the remainder when 43 is divided by a.
21
Let t = -4 - -7. Let j be (-6)/(-21) + 4/(-14). Suppose z